 36 = t. Let l be (-1)/(-4) - 225/t. Let p = -6 + l. What is the greatest common divisor of 26 and p?
13
Suppose -4*s + 47 = p + 4, -2*s - 4*p = -18. Calculate the highest common divisor of s and 99.
11
Let v be (-2)/3 + (-928)/(-6). Suppose -3*j + v = -2*j. Let c be 1/((-29)/(-14) + -2). Calculate the greatest common factor of j and c.
14
Let m = -3 + 16. Let u be 1300/30*6/10. Calculate the highest common divisor of m and u.
13
Suppose 0 = -2*h + 3*l + 34 + 10, 0 = -h - 4*l. Calculate the highest common divisor of h and 112.
16
Suppose -2*z = -3*z - 35. Let d = z - -83. What is the greatest common divisor of d and 12?
12
Let x = 11 - 2. Suppose -4*h = -f + x, -4*f - 8 + 58 = -2*h. Calculate the greatest common factor of 52 and f.
13
Let a be 102/9 + 2/(-6). Suppose 2*v + v + 5*h = 292, -5*h = -4*v + 401. Calculate the highest common factor of v and a.
11
Suppose 4*g - 717 = -213. Calculate the greatest common divisor of 14 and g.
14
Let s(z) = z**2 - z + 32. Let t be s(0). Let o = 55 - t. Calculate the highest common divisor of o and 23.
23
Let d be 143/26 + (-6)/4. Calculate the greatest common factor of d and 1.
1
Let g be (1235/(-2))/(-5) - 3/(-2). Calculate the greatest common divisor of 25 and g.
25
Suppose -5*v - 292 = p - 0*p, -v - 5*p - 44 = 0. Let y be 404*((-3)/4)/(-3). Let c = y + v. Calculate the greatest common factor of c and 6.
6
Let y = -113 - -161. Suppose -8*l + y = -5*l. What is the highest common divisor of 112 and l?
16
Let d(a) = -8*a**3 + 6*a**2 + 4*a - 2. Let k be d(-2). Calculate the greatest common divisor of k and 6.
6
Let j(n) = -n**3 - 5*n**2 + 6*n + 6. Let o be j(-6). Let g = -12 + 16. Suppose g*h - h - 18 = 0. Calculate the highest common factor of h and o.
6
Suppose 101 = 3*b + 5. Calculate the highest common factor of b and 8.
8
Let w be 2/4*8 + -1. Let b = 47 + w. Let h = -4 - -14. What is the greatest common divisor of b and h?
10
Suppose -x - 3*i = -4*x + 510, i = -4*x + 670. What is the greatest common divisor of x and 21?
21
Let k = -6 + 8. Let t(o) = 4*o + 2. Let x be t(6). Let c = x - k. Calculate the highest common factor of 8 and c.
8
Let b(g) = -g**2 - 7*g - 9. Let l be b(-6). Let m(f) = f**2 - 2*f + 3. Let q be m(l). What is the highest common factor of 36 and q?
18
Let x be (-1154)/(-8) + (-1)/4. Let v = 37 - 21. What is the highest common divisor of v and x?
16
Let x = 23 - 5. What is the highest common factor of 18 and x?
18
Suppose 2*x + 14 + 0 = 0. Let h(p) = p**2 - 7*p + 2. Let g be h(x). What is the highest common divisor of g and 20?
20
Let x(i) = -3*i - 9 + 7*i - 2*i. Let r be x(6). Suppose -r*j + 6 + 30 = 0. Calculate the greatest common divisor of j and 12.
12
Let g be -1 - 2*(-305)/10. What is the highest common divisor of 60 and g?
60
Let z be (-6)/10*(-2 - 3). Let f be z/(33/(-12) + 2). Let c(u) = -2*u + 4. Let j be c(f). Calculate the greatest common factor of j and 12.
12
Let a be (-5278)/(-70) - 2/5. Calculate the highest common factor of a and 15.
15
Suppose 2*d + 9*i - 4*i - 44 = 0, -d - 4*i + 25 = 0. Let q be ((-2)/1)/((-4)/74). Suppose 3*s - q = d. What is the highest common factor of s and 9?
9
Suppose 5*y + 9 = 4*r + 77, -3 = -r. Calculate the highest common factor of 4 and y.
4
Let p(u) = u**3 - 15*u**2 - 18*u + 35. Let a be p(16). What is the greatest common factor of a and 8?
1
Let n be (2 - -1*2)*1. Suppose 3*i + i = 5*g - 22, 5*g = i + 13. Calculate the greatest common factor of n and g.
2
Let x be (22 + (-2 - -3))*1. Let m = x - 9. Calculate the greatest common factor of 7 and m.
7
Let h be ((-85)/(-15))/((-1)/(-3)). Suppose -4 = y - h. Calculate the greatest common factor of y and 117.
13
Let u be 49*(3 - (-76)/(-28)). What is the greatest common factor of u and 7?
7
Let x be (-5)/(-3) - (-3)/9. Suppose d - x = -0*d. What is the highest common factor of d and 6?
2
Suppose 16 = o + b, 4*b + 10 - 41 = -o. Let r(c) = c**3 - 7*c**2 + 11*c + 44. Let u be r(7). Calculate the highest common divisor of u and o.
11
Suppose -p = 2*j - 8, -6*p + 3*j = -4*p - 2. Suppose -204 = -2*w - 3*m, -8*m = -5*w - p*m + 487. What is the greatest common factor of 11 and w?
11
Let f = -95 + 207. Let t = 149 - 135. What is the highest common factor of t and f?
14
Let m = -1 + 2. Let v be 30/3 - (1 - 0). Suppose -w = 2*w - v. What is the highest common divisor of m and w?
1
Let q(x) = 8*x**2 + 2*x. Let y be q(-2). Suppose 6 = 2*o - 2*j - 0*j, -2*o + 5*j = 6. What is the highest common factor of o and y?
7
Let g be 96/80*30/4. Calculate the highest common divisor of g and 3.
3
Let u = -37 + 46. What is the greatest common divisor of 99 and u?
9
Let m(z) = -z**2 + 5*z - 4. Let i be m(6). Let g = 14 + i. Suppose 0 = g*w - w - 2*c - 9, 4*w - 5*c = 5. Calculate the greatest common factor of w and 55.
5
Suppose -2*r + 7 = 1, 3*r = 3*j - 18. Suppose 0 = -5*n + 4*z + 131, 3*n + z = -46 + 128. Calculate the highest common divisor of j and n.
9
Let b(l) = -l - 8. Let a be b(-13). Let m be (1/(-2))/(a/(-500)). Let h(j) = -j**2 + 9*j + 6. Let r be h(7). What is the highest common factor of r and m?
10
Let k(i) be the first derivative of -i**3/3 - 2*i**2 + 6*i - 9. Let l be k(-4). Calculate the greatest common factor of l and 18.
6
Let z(r) = r**2 - 4*r + 4. Let x be z(4). Suppose 5*b - 172 = 8. Calculate the greatest common divisor of b and x.
4
Let g(r) = r**3 + 5*r**2 + r + 3. Let i be g(-3). Calculate the greatest common divisor of 12 and i.
6
Let v = -1 + 2. Suppose 2*k + 3*k = 5. What is the greatest common divisor of v and k?
1
Let q(g) = 23*g**2 - g - 2. Let j be 18/4 - (-18)/(-12). Let d be 3 - (5 - j)/2. Let t be q(d). What is the highest common factor of 8 and t?
8
Let a be -1 + 5 + (-5)/(-5). Calculate the highest common divisor of a and 5.
5
Let s be (378/(-35))/(3/(-10)). Suppose y + y + 57 = 3*t, -2*t + s = -2*y. Calculate the highest common divisor of 7 and t.
7
Suppose -q - 2 = -5. Let u(p) = 3*p**3 - 2*p**2 - p - 2. Let i be u(2). Calculate the highest common divisor of i and q.
3
Let q = -46 + 67. Suppose -13 = 2*g - 3. Let n be (-28)/(-10) + (-1)/g. Calculate the highest common factor of n and q.
3
Suppose 0 = -3*q + 3 - 12. Let u be -2 - (-16 + (q - -2)). Calculate the highest common divisor of u and 60.
15
Suppose 3*j + 9 = 27. Suppose 0 = -4*z + 2 + j. Calculate the greatest common divisor of 4 and z.
2
Let w be 1 + 79 + (0 - -1). Let h be (-4)/(-6) + (-40)/(-12). Let a = h - -5. Calculate the highest common divisor of w and a.
9
Suppose 4*q = -8 - 24. Let u be q*((1 - -2) + -5). What is the highest common factor of 48 and u?
16
Suppose m = -x + 2*m + 2, -2*x - 4*m + 28 = 0. Let h = -12 - -60. What is the greatest common factor of h and x?
6
Suppose -3*v = -399 - 393. Suppose v = 3*p - 0*p. Calculate the highest common factor of p and 11.
11
Let a be (1 + -21)/((-22)/(-33)). Let g be a/12*44/(-1). What is the greatest common divisor of 10 and g?
10
Let g = -12 + 32. Suppose 3*p - 4 - 8 = 0. Let s be p/18 + 176/18. What is the greatest common divisor of g and s?
10
Suppose -36 - 34 = -5*t. What is the greatest common divisor of t and 112?
14
Let g(l) = 1 - 2 - 60*l - 31*l. Let v be g(-1). Calculate the highest common factor of 10 and v.
10
Let v(i) = -i**3 + 7*i**2 - 3*i + 23. Let a be v(7). Calculate the highest common factor of a and 18.
2
Suppose 79 = 5*p - 2*z, -4*z - 36 = -3*p + z. Calculate the greatest common factor of 17 and p.
17
Let p(n) be the first derivative of 10*n**2 - 4*n - 1. Let o be p(7). What is the highest common divisor of 17 and o?
17
Suppose 5*z = 28 + 247. Let u(b) = -b**2 - 6*b - 5. Let f be u(-5). Suppose f*g + 11 = g. What is the greatest common factor of z and g?
11
Suppose 0*s + 2*s = 3*w - 57, -5*w + 102 = -s. Calculate the highest common factor of 42 and w.
21
Let k be (-7)/(-14) - (-118)/4. Calculate the greatest common factor of k and 10.
10
Let r(j) = 0*j**2 - 2 - j**3 + j - 3*j**2 + 7*j**2. Let p be r(3). What is the highest common divisor of 70 and p?
10
Let z = 23 + 7. What is the highest common divisor of 10 and z?
10
Let m be (-141)/(-4) - 4/16. Let b be ((-90)/m)/(6/(-28)). Calculate the greatest common factor of b and 48.
12
Suppose -3*v + 5*o = o - 78, -3*v - o = -93. Let i = 3 + 7. Calculate the greatest common divisor of i and v.
10
Suppo